?
12
What is the highest common factor of 2835 and 953127?
567
What is the greatest common divisor of 1269231122 and 326?
326
What is the highest common factor of 35 and 2479755?
5
Calculate the greatest common divisor of 626502 and 1338.
6
Calculate the greatest common divisor of 782331 and 17315925.
4983
What is the greatest common factor of 464 and 132628136?
232
Calculate the greatest common factor of 182758 and 29260186.
6302
Calculate the highest common factor of 1780 and 5856556.
356
Calculate the highest common divisor of 50792095 and 5.
5
Calculate the greatest common divisor of 37461837 and 42.
21
Calculate the highest common factor of 18042676 and 20.
4
Calculate the greatest common divisor of 233103 and 9360.
39
Calculate the highest common factor of 25290 and 48894.
1686
Calculate the greatest common divisor of 253704 and 32040360.
8184
What is the greatest common divisor of 143 and 8735881?
11
What is the highest common factor of 2380541968 and 112?
112
Calculate the highest common divisor of 625 and 130731250.
625
Calculate the greatest common factor of 1138252 and 228.
76
Calculate the highest common factor of 12792 and 1428768.
984
What is the greatest common divisor of 969209839 and 26?
13
What is the highest common divisor of 43567260 and 33?
33
Calculate the greatest common factor of 9330 and 64860294.
1866
Calculate the greatest common divisor of 47 and 2685400.
1
What is the highest common divisor of 2646 and 4291770?
42
Calculate the highest common divisor of 9305 and 81509939.
1861
What is the greatest common factor of 590024160 and 192?
96
What is the greatest common divisor of 9548903 and 104?
13
Calculate the highest common divisor of 14761093 and 2172.
181
What is the highest common factor of 4617456 and 1254?
114
What is the greatest common factor of 20 and 2190170?
10
What is the greatest common factor of 83634 and 3306?
6
Calculate the highest common factor of 14637 and 473025.
357
Calculate the highest common divisor of 2177436 and 6960.
348
Calculate the highest common divisor of 252682 and 32.
2
What is the greatest common factor of 53050 and 45590?
10
Calculate the highest common factor of 24735 and 1088.
17
Calculate the greatest common divisor of 255835 and 5738.
19
Calculate the greatest common factor of 3410983 and 15563.
79
Calculate the greatest common divisor of 78700685 and 14.
7
Calculate the greatest common factor of 114052249 and 122.
61
Calculate the greatest common factor of 142807 and 4669.
161
What is the highest common divisor of 6530578 and 2?
2
Calculate the greatest common factor of 2282 and 4066850.
326
Calculate the greatest common factor of 1233792 and 9114.
42
What is the highest common divisor of 812385 and 15960?
105
What is the highest common factor of 1779 and 52738455?
1779
What is the highest common divisor of 18 and 11877922?
2
Calculate the highest common divisor of 1799496 and 20736.
648
Calculate the highest common factor of 4786 and 1475758314.
4786
Calculate the greatest common divisor of 2528 and 374176.
32
What is the highest common divisor of 1026263 and 497?
7
Calculate the greatest common divisor of 1309 and 786797.
11
What is the greatest common divisor of 311253 and 160395?
867
What is the highest common factor of 55 and 75295891?
11
What is the greatest common divisor of 957642 and 11778?
906
Calculate the greatest common divisor of 88 and 18781488.
88
What is the highest common factor of 42450 and 496950?
150
Calculate the greatest common factor of 8655624 and 216.
72
What is the greatest common factor of 50 and 564350?
50
What is the greatest common divisor of 5926916 and 92?
92
What is the highest common divisor of 2059 and 308388784?
2059
Calculate the greatest common factor of 2016335 and 15.
5
Calculate the highest common factor of 497687 and 43808.
37
What is the greatest common factor of 960 and 5542680?
120
What is the greatest common factor of 20586839 and 1703?
13
Calculate the greatest common divisor of 824044 and 12765.
23
Calculate the greatest common factor of 5251837 and 6533.
139
What is the greatest common factor of 2241648 and 10800?
432
What is the highest common divisor of 478 and 12907195?
239
Calculate the highest common factor of 732 and 17226888.
732
Calculate the highest common factor of 52 and 9404590.
26
What is the greatest common divisor of 22 and 127172188?
22
What is the highest common factor of 136248169 and 767?
59
What is the highest common divisor of 8708 and 101606188?
1244
Calculate the greatest common factor of 129157 and 441.
7
Calculate the highest common divisor of 1250556 and 156812.
788
What is the greatest common factor of 238695004 and 804?
268
Calculate the greatest common divisor of 50 and 21187975.
25
Calculate the highest common divisor of 45312 and 9661368.
1416
Calculate the highest common divisor of 3444 and 382809.
21
What is the greatest common factor of 2497626 and 912?
114
Calculate the greatest common divisor of 1483729 and 1387.
19
Calculate the highest common factor of 530576 and 432.
16
Calculate the highest common factor of 55189040 and 40.
40
What is the highest common factor of 120033521 and 83?
83
Calculate the highest common factor of 2446 and 103035304.
2446
What is the greatest common divisor of 1194300 and 3300?
300
What is the highest common divisor of 348 and 721236?
12
Calculate the greatest common factor of 27057836 and 1404.
52
What is the highest common factor of 446220930 and 1564?
782
What is the highest common factor of 44460 and 263565?
45
What is the greatest common divisor of 1601860 and 3939?
1313
Calculate the greatest common divisor of 95140419 and 3756.
939
What is the greatest common factor of 48453432 and 8?
8
Calculate the highest common divisor of 605075 and 1325.
25
What is the greatest common divisor of 90 and 48657930?
30
What is the greatest common factor of 2255520 and 12120?
120
What is the highest common divisor of 13649877 and 3483?
3483
What is the greatest common divisor of 3572 and 354944?
188
What is the greatest common divisor of 240 and 36384195?
15
What is the greatest common divisor of 1548 and 285732?
36
What is the highest common divisor of 1720 and 4848760?
40
What is the highest common divisor of 13210785 and 52360?
595
Calculate the greatest common factor of 4522866 and 204.
6
Calculate the highest common divisor of 1445455 and 820.
205
What is the greatest common factor of 1788912 and 12792?
984
Calculate the highest common factor of 17127 and 14784.
33
Calculate the highest common divisor of 93725 and 3451150.
575
What is the greatest common divisor of 439556 and 19205537?
1391
What is the highest common divisor of 301406 and 22456?
14
Calculate the highest common factor of 17 and 137912364.
17
Calculate the highest common divisor of 90300 and 4287444.
3612
Calculate the greatest common factor of 1810754950 and 1930.
1930
What is the highest common divisor of 25633365 and 2895?
15
What is the greatest common factor of 7526163 and 5690?
569
Calculate the highest common divisor of 112510 and 13270.
10
What is the highest common factor of 100 and 26395700?
100
What is the highest common divisor of 946 and 98126?
86
Calculate the greatest common factor of 6115747 and 1842.
307
What is the highest common divisor of 7925 and 2213611?
317
Calculate the highest common divisor of 62 and 579840213.
31
Calculate the highest common divisor of 653821 and 11178.
23
Calculate the greatest common factor of 147126 and 1256430.
1302
Calculate the highest common divisor of 850048 and 752.
16
Calculate the greatest common factor of 62968888 and 570.
38
What is the greatest common divisor of 12312 and 656298?
342
Calculate the greatest common factor of 53152 and 700942.
3322
Calculate the greatest common divisor of 193200597 and 459.
153
What is the highest common divisor of 118804468 and 607?
607
What is the highest common factor of 114964347 and 20893?
1229
What is the highest common divisor of 387 and 78888?
3
What is the highest common divisor of 10792 and 449464?
152
What is the highest common divisor of 20210390 and 580?
290
What is the highest common factor of 647691 and 628672?
209
Calculate the highest common divisor of 2583045 and 1795230.
2745
What is the highes